{"id":44,"date":"2021-04-02T08:37:40","date_gmt":"2021-04-02T06:37:40","guid":{"rendered":"https:\/\/soimmo78.com\/?page_id=44"},"modified":"2021-09-15T10:07:56","modified_gmt":"2021-09-15T08:07:56","slug":"elementor-44","status":"publish","type":"page","link":"https:\/\/soimmo78.com\/?page_id=44","title":{"rendered":"L&rsquo;agence"},"content":{"rendered":"\t\t<div data-elementor-type=\"wp-page\" data-elementor-id=\"44\" class=\"elementor elementor-44\">\n\t\t\t\t\t\t<div class=\"elementor-inner\">\n\t\t\t\t<div class=\"elementor-section-wrap\">\n\t\t\t\t\t\t\t\t\t<section class=\"elementor-section elementor-top-section elementor-element elementor-element-206496c elementor-section-boxed elementor-section-height-default elementor-section-height-default\" data-id=\"206496c\" data-element_type=\"section\">\n\t\t\t\t\t\t<div class=\"elementor-container elementor-column-gap-default\">\n\t\t\t\t\t\t\t<div class=\"elementor-row\">\n\t\t\t\t\t<div class=\"elementor-column elementor-col-100 elementor-top-column elementor-element elementor-element-062ac6b\" data-id=\"062ac6b\" data-element_type=\"column\" data-settings=\"{&quot;background_background&quot;:&quot;gradient&quot;,&quot;background_motion_fx_motion_fx_scrolling&quot;:&quot;yes&quot;,&quot;background_motion_fx_translateY_effect&quot;:&quot;yes&quot;,&quot;background_motion_fx_translateY_speed&quot;:{&quot;unit&quot;:&quot;px&quot;,&quot;size&quot;:4,&quot;sizes&quot;:[]},&quot;background_motion_fx_translateY_affectedRange&quot;:{&quot;unit&quot;:&quot;%&quot;,&quot;size&quot;:&quot;&quot;,&quot;sizes&quot;:{&quot;start&quot;:0,&quot;end&quot;:100}},&quot;background_motion_fx_devices&quot;:[&quot;desktop&quot;,&quot;tablet&quot;,&quot;mobile&quot;]}\">\n\t\t\t<div class=\"elementor-column-wrap elementor-element-populated\">\n\t\t\t\t\t<div class=\"elementor-background-overlay\"><\/div>\n\t\t\t\t\t\t\t<div class=\"elementor-widget-wrap\">\n\t\t\t\t\t\t<div class=\"elementor-element elementor-element-4251918 elementor-widget elementor-widget-image\" data-id=\"4251918\" data-element_type=\"widget\" data-widget_type=\"image.default\">\n\t\t\t\t<div class=\"elementor-widget-container\">\n\t\t\t\t\t\t\t\t<div class=\"elementor-image\">\n\t\t\t\t\t\t\t\t\t\t\t\t<img fetchpriority=\"high\" width=\"634\" height=\"178\" src=\"https:\/\/soimmo78.com\/wp-content\/uploads\/2021\/04\/logo.png\" class=\"attachment-full size-full wp-image-432\" alt=\"\" srcset=\"https:\/\/soimmo78.com\/wp-content\/uploads\/2021\/04\/logo.png 634w, https:\/\/soimmo78.com\/wp-content\/uploads\/2021\/04\/logo-300x84.png 300w, https:\/\/soimmo78.com\/wp-content\/uploads\/2021\/04\/logo-150x42.png 150w\" sizes=\"(max-width: 634px) 100vw, 634px\" \/>\t\t\t\t\t\t\t\t\t\t\t\t\t\t<\/div>\n\t\t\t\t\t\t<\/div>\n\t\t\t\t<\/div>\n\t\t\t\t<div class=\"elementor-element elementor-element-1ab63a0 elementor-headline--style-highlight elementor-widget elementor-widget-animated-headline\" data-id=\"1ab63a0\" data-element_type=\"widget\" data-settings=\"{&quot;marker&quot;:&quot;underline_zigzag&quot;,&quot;highlighted_text&quot;:&quot;du sud-ouest yvelines&quot;,&quot;headline_style&quot;:&quot;highlight&quot;,&quot;loop&quot;:&quot;yes&quot;,&quot;highlight_animation_duration&quot;:1200,&quot;highlight_iteration_delay&quot;:8000}\" data-widget_type=\"animated-headline.default\">\n\t\t\t\t<div class=\"elementor-widget-container\">\n\t\t\t\t\t<div class=\"elementor-headline\">\n\t\t\t\t\t<span class=\"elementor-headline-plain-text elementor-headline-text-wrapper\">L'agence immobili\u00e8re<\/span>\n\t\t\t\t<span class=\"elementor-headline-dynamic-wrapper elementor-headline-text-wrapper\">\n\t\t\t\t\t<span class=\"elementor-headline-dynamic-text elementor-headline-text-active\">du sud-ouest yvelines<\/span>\n\t\t\t\t<\/span>\n\t\t\t\t<\/div>\n\t\t\t\t<\/div>\n\t\t\t\t<\/div>\n\t\t\t\t<section class=\"elementor-section elementor-inner-section elementor-element elementor-element-9d08045 elementor-section-boxed elementor-section-height-default elementor-section-height-default\" data-id=\"9d08045\" data-element_type=\"section\">\n\t\t\t\t\t\t<div class=\"elementor-container elementor-column-gap-default\">\n\t\t\t\t\t\t\t<div class=\"elementor-row\">\n\t\t\t\t\t<div class=\"elementor-column elementor-col-50 elementor-inner-column elementor-element elementor-element-34df452\" data-id=\"34df452\" data-element_type=\"column\">\n\t\t\t<div class=\"elementor-column-wrap elementor-element-populated\">\n\t\t\t\t\t\t\t<div class=\"elementor-widget-wrap\">\n\t\t\t\t\t\t<div class=\"elementor-element elementor-element-3a95f78 elementor-widget elementor-widget-text-editor\" data-id=\"3a95f78\" data-element_type=\"widget\" data-widget_type=\"text-editor.default\">\n\t\t\t\t<div class=\"elementor-widget-container\">\n\t\t\t\t\t\t\t\t<div class=\"elementor-text-editor elementor-clearfix\">\n\t\t\t\t<p><span style=\"color: #14140f;\"><strong>So IMMO 78<\/strong> est install\u00e9 \u00e0 Hermeray, dans un village de charme au sud-ouest des Yvelines, \u00e0 moins d\u2019une heure de Paris.<\/span><\/p><p><span style=\"color: #14140f;\">Situ\u00e9 au c\u0153ur de la for\u00eat de Rambouillet et au nord de la Vall\u00e9e de l\u2019Eure, notre r\u00e9gion offre un cadre de vie exceptionnel de par son environnement forestier, ses commerces, ses villages de charme avec \u00e9coles (cr\u00e8ches).<\/span><\/p><p><span style=\"color: #14140f;\">Forts de plus de vingt ans d\u2019exp\u00e9rience, nous avons d\u00e9velopp\u00e9 notre connaissance et expertise \u00e0 travers une relation authentique et s\u00e9rieuse. Notre \u00e9quipe vous accueille au sein de son agence pour vous accompagner dans toutes les \u00e9tapes de la vente de votre bien ou dans l\u2019achat de votre r\u00e9sidence.<\/span><\/p>\t\t\t\t\t<\/div>\n\t\t\t\t\t\t<\/div>\n\t\t\t\t<\/div>\n\t\t\t\t<div class=\"elementor-element elementor-element-046a29c elementor-align-justify elementor-widget elementor-widget-global elementor-global-4846 elementor-widget-button\" data-id=\"046a29c\" data-element_type=\"widget\" data-widget_type=\"button.default\">\n\t\t\t\t<div class=\"elementor-widget-container\">\n\t\t\t\t\t<div class=\"elementor-button-wrapper\">\n\t\t\t<a class=\"elementor-button elementor-button-link elementor-size-sm\" href=\"tel:+33134946983\">\n\t\t\t\t\t\t<span class=\"elementor-button-content-wrapper\">\n\t\t\t\t\t\t<span class=\"elementor-button-icon elementor-align-icon-left\">\n\t\t\t\t<i aria-hidden=\"true\" class=\"fas fa-phone-square-alt\"><\/i>\t\t\t<\/span>\n\t\t\t\t\t\t<span class=\"elementor-button-text\">T\u00e9l\u00e9phonez-nous !<\/span>\n\t\t<\/span>\n\t\t\t\t\t<\/a>\n\t\t<\/div>\n\t\t\t\t<\/div>\n\t\t\t\t<\/div>\n\t\t\t\t<div class=\"elementor-element elementor-element-77f4e5e elementor-align-justify elementor-widget elementor-widget-global elementor-global-4804 elementor-widget-button\" data-id=\"77f4e5e\" data-element_type=\"widget\" data-widget_type=\"button.default\">\n\t\t\t\t<div class=\"elementor-widget-container\">\n\t\t\t\t\t<div class=\"elementor-button-wrapper\">\n\t\t\t<a class=\"elementor-button elementor-button-link elementor-size-sm\" href=\"mailto:contact@soimmo78.com?subject=Question%20\u00e0%20propos%20d&#039;un%20bien%20vu%20sur%20votre%20site.&#038;body=Bonjour,%20\">\n\t\t\t\t\t\t<span class=\"elementor-button-content-wrapper\">\n\t\t\t\t\t\t<span class=\"elementor-button-icon elementor-align-icon-left\">\n\t\t\t\t<i aria-hidden=\"true\" class=\"fas fa-at\"><\/i>\t\t\t<\/span>\n\t\t\t\t\t\t<span class=\"elementor-button-text\">Contactez-nous par mail !<\/span>\n\t\t<\/span>\n\t\t\t\t\t<\/a>\n\t\t<\/div>\n\t\t\t\t<\/div>\n\t\t\t\t<\/div>\n\t\t\t\t\t\t<\/div>\n\t\t\t\t\t<\/div>\n\t\t<\/div>\n\t\t\t\t<div class=\"elementor-column elementor-col-50 elementor-inner-column elementor-element elementor-element-c5fbd07\" data-id=\"c5fbd07\" data-element_type=\"column\">\n\t\t\t<div class=\"elementor-column-wrap elementor-element-populated\">\n\t\t\t\t\t\t\t<div class=\"elementor-widget-wrap\">\n\t\t\t\t\t\t<div class=\"elementor-element elementor-element-e6574dc elementor-widget elementor-widget-image\" data-id=\"e6574dc\" data-element_type=\"widget\" data-widget_type=\"image.default\">\n\t\t\t\t<div class=\"elementor-widget-container\">\n\t\t\t\t\t\t\t\t<div class=\"elementor-image\">\n\t\t\t\t\t\t\t\t\t\t\t\t<img width=\"828\" height=\"543\" src=\"https:\/\/soimmo78.com\/wp-content\/uploads\/2021\/04\/agence-02-c-1024x672.jpg\" class=\"attachment-large size-large wp-image-438\" alt=\"\" srcset=\"https:\/\/soimmo78.com\/wp-content\/uploads\/2021\/04\/agence-02-c-1024x672.jpg 1024w, https:\/\/soimmo78.com\/wp-content\/uploads\/2021\/04\/agence-02-c-300x197.jpg 300w, https:\/\/soimmo78.com\/wp-content\/uploads\/2021\/04\/agence-02-c-768x504.jpg 768w, https:\/\/soimmo78.com\/wp-content\/uploads\/2021\/04\/agence-02-c-150x98.jpg 150w, https:\/\/soimmo78.com\/wp-content\/uploads\/2021\/04\/agence-02-c.jpg 1200w\" sizes=\"(max-width: 828px) 100vw, 828px\" \/>\t\t\t\t\t\t\t\t\t\t\t\t\t\t<\/div>\n\t\t\t\t\t\t<\/div>\n\t\t\t\t<\/div>\n\t\t\t\t\t\t<\/div>\n\t\t\t\t\t<\/div>\n\t\t<\/div>\n\t\t\t\t\t\t\t\t<\/div>\n\t\t\t\t\t<\/div>\n\t\t<\/section>\n\t\t\t\t<div class=\"elementor-element elementor-element-dd768c8 elementor-widget-divider--view-line_icon elementor-view-default elementor-widget-divider--element-align-center elementor-widget elementor-widget-divider\" data-id=\"dd768c8\" data-element_type=\"widget\" data-widget_type=\"divider.default\">\n\t\t\t\t<div class=\"elementor-widget-container\">\n\t\t\t\t\t<div class=\"elementor-divider\">\n\t\t\t<span class=\"elementor-divider-separator\">\n\t\t\t\t\t\t\t<div class=\"elementor-icon elementor-divider__element\">\n\t\t\t\t\t<i aria-hidden=\"true\" class=\"fas fa-street-view\"><\/i><\/div>\n\t\t\t\t\t\t<\/span>\n\t\t<\/div>\n\t\t\t\t<\/div>\n\t\t\t\t<\/div>\n\t\t\t\t<div class=\"elementor-element elementor-element-d298f60 elementor-widget elementor-widget-text-editor\" data-id=\"d298f60\" data-element_type=\"widget\" data-widget_type=\"text-editor.default\">\n\t\t\t\t<div class=\"elementor-widget-container\">\n\t\t\t\t\t\t\t\t<div class=\"elementor-text-editor elementor-clearfix\">\n\t\t\t\t<p>Qui sommes-nous ?<\/p>\t\t\t\t\t<\/div>\n\t\t\t\t\t\t<\/div>\n\t\t\t\t<\/div>\n\t\t\t\t<div class=\"elementor-element elementor-element-82626f7 elementor-widget elementor-widget-ere-agents-widget-2\" data-id=\"82626f7\" data-element_type=\"widget\" data-widget_type=\"ere-agents-widget-2.default\">\n\t\t\t\t<div class=\"elementor-widget-container\">\n\t\t\t            <div class=\"rhea_wrapper_agents_two\">\n\n                <div class=\"rhea_section__agents_two rhea_col_2\">\n\t\t\t\t\t<article class=\"rhea_agent_two\">\n    <div class=\"rhea_agent_two_wrap\">\n\t\t        <div class=\"rhea_agent_two_details\">\n\n\t\t\t                <h3 class=\"rhea_agent_two_title\"><a\n                            href=\"https:\/\/soimmo78.com\/?agent=melinda-letellier\">M\u00e9linda LETELLIER<\/a>\n                <\/h3>\n\t\t\t\t\t\t                    <p class=\"rhea_agent_two_excerpt\">G\u00e9rante<\/p>\n\t\t\t\t\t                    <div class=\"rhe_agent_two_phone\">\n                        <i class=\"fas fa-phone-alt\"><\/i>\n                        <a href=\"tel:06 76 89 03 07\">06 76 89 03 07<\/a>\n                    <\/div>\n\n\t\t\t\t\t                    <div class=\"rhea_agent_two_email\">\n                        <i class=\"fas fa-envelope\"><\/i>\n                        <a href=\"mailto:&#109;&#046;&#108;&#101;t&#101;&#108;&#108;&#105;e&#114;&#064;so&#105;&#109;&#109;o78.&#099;om\">\n\t\t\t\t\t\t\tm.&#108;ete&#108;lie&#114;&#064;&#115;oim&#109;&#111;78&#046;&#099;&#111;m                        <\/a>\n                    <\/div>\n\t\t\t\t\t\n        <\/div>\n    <\/div>\n<\/article><article class=\"rhea_agent_two\">\n    <div class=\"rhea_agent_two_wrap\">\n\t\t        <div class=\"rhea_agent_two_details\">\n\n\t\t\t                <h3 class=\"rhea_agent_two_title\"><a\n                            href=\"https:\/\/soimmo78.com\/?agent=david-letellier\">David LETELLIER<\/a>\n                <\/h3>\n\t\t\t\t\t\t                    <p class=\"rhea_agent_two_excerpt\">G\u00e9rant associ\u00e9<\/p>\n\t\t\t\t\t                    <div class=\"rhe_agent_two_phone\">\n                        <i class=\"fas fa-phone-alt\"><\/i>\n                        <a href=\"tel:06 89 33 68 46\">06 89 33 68 46<\/a>\n                    <\/div>\n\n\t\t\t\t\t                    <div class=\"rhea_agent_two_email\">\n                        <i class=\"fas fa-envelope\"><\/i>\n                        <a href=\"mailto:&#100;&#046;&#108;&#101;t&#101;l&#108;ier&#064;&#115;o&#105;&#109;mo78.&#099;&#111;m\">\n\t\t\t\t\t\t\t&#100;.&#108;et&#101;lli&#101;&#114;&#064;&#115;&#111;&#105;&#109;&#109;&#111;&#055;8.co&#109;                        <\/a>\n                    <\/div>\n\t\t\t\t\t\n        <\/div>\n    <\/div>\n<\/article>                <\/div>\n\n\n            <\/div>\n\t\t\t\t\t<\/div>\n\t\t\t\t<\/div>\n\t\t\t\t<div class=\"elementor-element elementor-element-5316c5f elementor-widget-divider--view-line_icon elementor-view-default elementor-widget-divider--element-align-center elementor-widget elementor-widget-divider\" data-id=\"5316c5f\" data-element_type=\"widget\" data-widget_type=\"divider.default\">\n\t\t\t\t<div class=\"elementor-widget-container\">\n\t\t\t\t\t<div class=\"elementor-divider\">\n\t\t\t<span class=\"elementor-divider-separator\">\n\t\t\t\t\t\t\t<div class=\"elementor-icon elementor-divider__element\">\n\t\t\t\t\t<i aria-hidden=\"true\" class=\"fas fa-map-pin\"><\/i><\/div>\n\t\t\t\t\t\t<\/span>\n\t\t<\/div>\n\t\t\t\t<\/div>\n\t\t\t\t<\/div>\n\t\t\t\t<div class=\"elementor-element elementor-element-3e4645c elementor-widget elementor-widget-text-editor\" data-id=\"3e4645c\" data-element_type=\"widget\" data-widget_type=\"text-editor.default\">\n\t\t\t\t<div class=\"elementor-widget-container\">\n\t\t\t\t\t\t\t\t<div class=\"elementor-text-editor elementor-clearfix\">\n\t\t\t\t<p>O\u00f9 sommes-nous ?<\/p>\t\t\t\t\t<\/div>\n\t\t\t\t\t\t<\/div>\n\t\t\t\t<\/div>\n\t\t\t\t<div class=\"elementor-element elementor-element-64d2cb6 elementor-widget elementor-widget-google_maps\" data-id=\"64d2cb6\" data-element_type=\"widget\" data-widget_type=\"google_maps.default\">\n\t\t\t\t<div class=\"elementor-widget-container\">\n\t\t\t\t\t<div class=\"elementor-custom-embed\">\n\t\t\t<iframe loading=\"lazy\"\n\t\t\t\t\tsrc=\"https:\/\/maps.google.com\/maps?q=29%20rue%20de%20la%20For%C3%AAt%2078125%20Hermeray%20%E2%80%93%20France&#038;t=m&#038;z=10&#038;output=embed&#038;iwloc=near\"\n\t\t\t\t\ttitle=\"29 rue de la For\u00eat 78125 Hermeray \u2013 France\"\n\t\t\t\t\taria-label=\"29 rue de la For\u00eat 78125 Hermeray \u2013 France\"\n\t\t\t><\/iframe>\n\t\t<\/div>\n\t\t\t\t<\/div>\n\t\t\t\t<\/div>\n\t\t\t\t\t\t<\/div>\n\t\t\t\t\t<\/div>\n\t\t<\/div>\n\t\t\t\t\t\t\t\t<\/div>\n\t\t\t\t\t<\/div>\n\t\t<\/section>\n\t\t\t\t\t\t\t\t\t<\/div>\n\t\t\t<\/div>\n\t\t\t\t\t<\/div>\n\t\t","protected":false},"excerpt":{"rendered":"<p>L&rsquo;agence immobili\u00e8re du sud-ouest yvelines So IMMO 78 est install\u00e9 \u00e0 Hermeray, dans un village de charme au sud-ouest des Yvelines, \u00e0 moins d\u2019une heure de Paris. Situ\u00e9 au c\u0153ur de la for\u00eat de Rambouillet et au nord de la Vall\u00e9e de l\u2019Eure, notre r\u00e9gion offre un cadre de vie exceptionnel de par son environnement&#8230;<\/p>\n","protected":false},"author":1,"featured_media":0,"parent":0,"menu_order":0,"comment_status":"closed","ping_status":"closed","template":"elementor_header_footer","meta":[],"acf":[],"_links":{"self":[{"href":"https:\/\/soimmo78.com\/index.php?rest_route=\/wp\/v2\/pages\/44"}],"collection":[{"href":"https:\/\/soimmo78.com\/index.php?rest_route=\/wp\/v2\/pages"}],"about":[{"href":"https:\/\/soimmo78.com\/index.php?rest_route=\/wp\/v2\/types\/page"}],"author":[{"embeddable":true,"href":"https:\/\/soimmo78.com\/index.php?rest_route=\/wp\/v2\/users\/1"}],"replies":[{"embeddable":true,"href":"https:\/\/soimmo78.com\/index.php?rest_route=%2Fwp%2Fv2%2Fcomments&post=44"}],"version-history":[{"count":0,"href":"https:\/\/soimmo78.com\/index.php?rest_route=\/wp\/v2\/pages\/44\/revisions"}],"wp:attachment":[{"href":"https:\/\/soimmo78.com\/index.php?rest_route=%2Fwp%2Fv2%2Fmedia&parent=44"}],"curies":[{"name":"wp","href":"https:\/\/api.w.org\/{rel}","templated":true}]}}